{"id":15,"date":"2025-05-22T12:43:07","date_gmt":"2025-05-22T10:43:07","guid":{"rendered":"https:\/\/notariuszprykiel.pl\/?page_id=15"},"modified":"2025-05-25T10:01:50","modified_gmt":"2025-05-25T08:01:50","slug":"czynnosci-notarialne","status":"publish","type":"page","link":"https:\/\/notariuszprykiel.pl\/?page_id=15","title":{"rendered":"Czynno\u015bci notarialne"},"content":{"rendered":"\n<div class=\"wp-block-columns is-layout-flex wp-container-core-columns-is-layout-28f84493 wp-block-columns-is-layout-flex\">\n<div class=\"wp-block-column is-layout-flow wp-block-column-is-layout-flow\" style=\"flex-basis:100%\">\n<p class=\"has-text-align-center has-medium-font-size\">W prowadzonej przeze mnie\u00a0kancelarii notarialnej\u00a0\u015bwiadcz\u0119 us\u0142ugi z zakresu:<\/p>\n\n\n\n<div class=\"wp-block-media-text is-stacked-on-mobile\"><figure class=\"wp-block-media-text__media\"><img loading=\"lazy\" decoding=\"async\" width=\"1024\" height=\"728\" src=\"https:\/\/notariuszprykiel.pl\/wp-content\/uploads\/2025\/05\/iStock-943940212-1024x728.jpg\" alt=\"\" class=\"wp-image-75 size-full\" srcset=\"https:\/\/notariuszprykiel.pl\/wp-content\/uploads\/2025\/05\/iStock-943940212-1024x728.jpg 1024w, https:\/\/notariuszprykiel.pl\/wp-content\/uploads\/2025\/05\/iStock-943940212-300x213.jpg 300w, https:\/\/notariuszprykiel.pl\/wp-content\/uploads\/2025\/05\/iStock-943940212-768x546.jpg 768w, https:\/\/notariuszprykiel.pl\/wp-content\/uploads\/2025\/05\/iStock-943940212-1536x1092.jpg 1536w\" sizes=\"auto, (max-width: 1024px) 100vw, 1024px\" \/><\/figure><div class=\"wp-block-media-text__content\">\n<p class=\"has-medium-font-size\"><strong>Obr\u00f3t nieruchomo\u015bciami<\/strong><\/p>\n\n\n\n<p>umowy przedwst\u0119pne sprzeda\u017cy\/sprzeda\u017cy\/darowizny\/zamiany nieruchomo\u015bci, w\u0142asno\u015bciowego sp\u00f3\u0142dzielczego prawa do lokalu, praw u\u017cytkowania wieczystego, umowy ustanowienia odr\u0119bnej w\u0142asno\u015bci lokalu<\/p>\n<\/div><\/div>\n<\/div>\n<\/div>\n\n\n\n<div class=\"wp-block-columns is-layout-flex wp-container-core-columns-is-layout-28f84493 wp-block-columns-is-layout-flex\">\n<div class=\"wp-block-column is-layout-flow wp-block-column-is-layout-flow\" style=\"flex-basis:100%\">\n<div class=\"wp-block-media-text is-stacked-on-mobile\"><figure class=\"wp-block-media-text__media\"><img loading=\"lazy\" decoding=\"async\" width=\"1024\" height=\"683\" src=\"https:\/\/notariuszprykiel.pl\/wp-content\/uploads\/2025\/05\/iStock-1185273103-1024x683.jpg\" alt=\"\" class=\"wp-image-77 size-full\" srcset=\"https:\/\/notariuszprykiel.pl\/wp-content\/uploads\/2025\/05\/iStock-1185273103-1024x683.jpg 1024w, https:\/\/notariuszprykiel.pl\/wp-content\/uploads\/2025\/05\/iStock-1185273103-300x200.jpg 300w, https:\/\/notariuszprykiel.pl\/wp-content\/uploads\/2025\/05\/iStock-1185273103-768x512.jpg 768w, https:\/\/notariuszprykiel.pl\/wp-content\/uploads\/2025\/05\/iStock-1185273103-1536x1024.jpg 1536w\" sizes=\"auto, (max-width: 1024px) 100vw, 1024px\" \/><\/figure><div class=\"wp-block-media-text__content\">\n<p class=\"has-medium-font-size\"><strong>Sprawy sp\u00f3\u0142ek<\/strong><\/p>\n\n\n\n<p>umowy sp\u00f3\u0142ki cywilnej, sp\u00f3\u0142ki jawnej, sp\u00f3\u0142ki komandytowej, sp\u00f3\u0142ki partnerskiej, sp\u00f3\u0142ki z ograniczon\u0105 odpowiedzialno\u015bci\u0105, statut sp\u00f3\u0142ki komandytowo-akcyjnej, sp\u00f3\u0142ki akcyjnej, protoko\u0142y Zebrania Zarz\u0105du, Rady Nadzorczej<\/p>\n<\/div><\/div>\n<\/div>\n<\/div>\n\n\n\n<div class=\"wp-block-columns is-layout-flex wp-container-core-columns-is-layout-28f84493 wp-block-columns-is-layout-flex\">\n<div class=\"wp-block-column is-layout-flow wp-block-column-is-layout-flow\" style=\"flex-basis:100%\">\n<div class=\"wp-block-media-text is-stacked-on-mobile\"><figure class=\"wp-block-media-text__media\"><img loading=\"lazy\" decoding=\"async\" width=\"1024\" height=\"476\" src=\"https:\/\/notariuszprykiel.pl\/wp-content\/uploads\/2025\/05\/iStock-1096393188-1024x476.jpg\" alt=\"\" class=\"wp-image-79 size-full\" srcset=\"https:\/\/notariuszprykiel.pl\/wp-content\/uploads\/2025\/05\/iStock-1096393188-1024x476.jpg 1024w, https:\/\/notariuszprykiel.pl\/wp-content\/uploads\/2025\/05\/iStock-1096393188-300x139.jpg 300w, https:\/\/notariuszprykiel.pl\/wp-content\/uploads\/2025\/05\/iStock-1096393188-768x357.jpg 768w, https:\/\/notariuszprykiel.pl\/wp-content\/uploads\/2025\/05\/iStock-1096393188-1536x714.jpg 1536w, https:\/\/notariuszprykiel.pl\/wp-content\/uploads\/2025\/05\/iStock-1096393188-2048x951.jpg 2048w\" sizes=\"auto, (max-width: 1024px) 100vw, 1024px\" \/><\/figure><div class=\"wp-block-media-text__content\">\n<p class=\"has-medium-font-size\"><strong>Po\u015bwiadczenia<\/strong><\/p>\n\n\n\n<p>po\u015bwiadczenie zgodno\u015bci kopii z dokumentem, po\u015bwiadczenie podpisu, po\u015bwiadczenie pozostawania przy \u017cyciu, data pewna<\/p>\n<\/div><\/div>\n\n\n\n<div class=\"wp-block-media-text is-stacked-on-mobile\"><figure class=\"wp-block-media-text__media\"><img loading=\"lazy\" decoding=\"async\" width=\"1024\" height=\"683\" src=\"https:\/\/notariuszprykiel.pl\/wp-content\/uploads\/2025\/05\/iStock-2153602880-1024x683.jpg\" alt=\"\" class=\"wp-image-81 size-full\" srcset=\"https:\/\/notariuszprykiel.pl\/wp-content\/uploads\/2025\/05\/iStock-2153602880-1024x683.jpg 1024w, https:\/\/notariuszprykiel.pl\/wp-content\/uploads\/2025\/05\/iStock-2153602880-300x200.jpg 300w, https:\/\/notariuszprykiel.pl\/wp-content\/uploads\/2025\/05\/iStock-2153602880-768x512.jpg 768w, https:\/\/notariuszprykiel.pl\/wp-content\/uploads\/2025\/05\/iStock-2153602880-1536x1024.jpg 1536w\" sizes=\"auto, (max-width: 1024px) 100vw, 1024px\" \/><\/figure><div class=\"wp-block-media-text__content\">\n<p class=\"has-medium-font-size\"><strong>Prawo rodzinne<\/strong><\/p>\n\n\n\n<p>umowy zniesienia wsp\u00f3\u0142w\u0142asno\u015bci nieruchomo\u015bci, umowy maj\u0105tkowe ma\u0142\u017ce\u0144skie, umowy o podzia\u0142 maj\u0105tku wsp\u00f3lnego, umowy do\u017cywocia, umowy renty nieodp\u0142atnej\/odp\u0142atnej, ugody pozas\u0105dowe<\/p>\n<\/div><\/div>\n\n\n\n<div class=\"wp-block-media-text is-stacked-on-mobile\"><figure class=\"wp-block-media-text__media\"><img loading=\"lazy\" decoding=\"async\" width=\"1024\" height=\"683\" src=\"https:\/\/notariuszprykiel.pl\/wp-content\/uploads\/2025\/05\/iStock-1922626134-1024x683.jpg\" alt=\"\" class=\"wp-image-83 size-full\" srcset=\"https:\/\/notariuszprykiel.pl\/wp-content\/uploads\/2025\/05\/iStock-1922626134-1024x683.jpg 1024w, https:\/\/notariuszprykiel.pl\/wp-content\/uploads\/2025\/05\/iStock-1922626134-300x200.jpg 300w, https:\/\/notariuszprykiel.pl\/wp-content\/uploads\/2025\/05\/iStock-1922626134-768x512.jpg 768w, https:\/\/notariuszprykiel.pl\/wp-content\/uploads\/2025\/05\/iStock-1922626134-1536x1025.jpg 1536w\" sizes=\"auto, (max-width: 1024px) 100vw, 1024px\" \/><\/figure><div class=\"wp-block-media-text__content\">\n<p class=\"has-medium-font-size\"><strong>Dziedziczenie<\/strong><\/p>\n\n\n\n<p>testamenty, zapisy windykacyjne, poszukiwanie testamentu, otwarcie testamentu, przyj\u0119cie o\u015bwiadczenia o przyj\u0119ciu\/odrzuceniu spadku, protoko\u0142y po\u015bwiadczenia dziedziczenia, akty po\u015bwiadczenia dziedziczenia<\/p>\n<\/div><\/div>\n\n\n\n<div class=\"wp-block-media-text is-stacked-on-mobile\"><figure class=\"wp-block-media-text__media\"><img loading=\"lazy\" decoding=\"async\" width=\"8192\" height=\"5464\" src=\"https:\/\/notariuszprykiel.pl\/wp-content\/uploads\/2025\/05\/iStock-2207415814.jpg\" alt=\"\" class=\"wp-image-85 size-full\"\/><\/figure><div class=\"wp-block-media-text__content\">\n<p class=\"has-medium-font-size\"><strong>Inne czynno\u015bci<\/strong><\/p>\n\n\n\n<p>ustanowienie hipoteki, o\u015bwiadczenie o ustanowieniu s\u0142u\u017cebno\u015bci, protok\u00f3\u0142 Zebrania Wsp\u00f3lnoty Mieszkaniowej, o\u015bwiadczenie o poddaniu si\u0119 egzekucji co do obowi\u0105zku wydania rzeczy w zwi\u0105zku z umow\u0105 najmu okazjonalnego, pe\u0142nomocnictwa i inne<\/p>\n<\/div><\/div>\n<\/div>\n<\/div>\n","protected":false},"excerpt":{"rendered":"<p>W prowadzonej przeze mnie\u00a0kancelarii notarialnej\u00a0\u015bwiadcz\u0119 us\u0142ugi z zakresu: Obr\u00f3t nieruchomo\u015bciami umowy przedwst\u0119pne sprzeda\u017cy\/sprzeda\u017cy\/darowizny\/zamiany nieruchomo\u015bci, w\u0142asno\u015bciowego sp\u00f3\u0142dzielczego prawa do lokalu, praw u\u017cytkowania wieczystego, umowy ustanowienia odr\u0119bnej w\u0142asno\u015bci lokalu Sprawy sp\u00f3\u0142ek umowy sp\u00f3\u0142ki cywilnej, sp\u00f3\u0142ki jawnej, sp\u00f3\u0142ki komandytowej, sp\u00f3\u0142ki partnerskiej, sp\u00f3\u0142ki z ograniczon\u0105 odpowiedzialno\u015bci\u0105, statut sp\u00f3\u0142ki komandytowo-akcyjnej, sp\u00f3\u0142ki akcyjnej, protoko\u0142y Zebrania Zarz\u0105du, Rady Nadzorczej Po\u015bwiadczenia po\u015bwiadczenie zgodno\u015bci [&hellip;]<\/p>\n","protected":false},"author":1,"featured_media":55,"parent":0,"menu_order":2,"comment_status":"closed","ping_status":"closed","template":"","meta":{"om_disable_all_campaigns":false,"_kadence_starter_templates_imported_post":false,"footnotes":""},"class_list":["post-15","page","type-page","status-publish","has-post-thumbnail","hentry"],"_links":{"self":[{"href":"https:\/\/notariuszprykiel.pl\/index.php?rest_route=\/wp\/v2\/pages\/15","targetHints":{"allow":["GET"]}}],"collection":[{"href":"https:\/\/notariuszprykiel.pl\/index.php?rest_route=\/wp\/v2\/pages"}],"about":[{"href":"https:\/\/notariuszprykiel.pl\/index.php?rest_route=\/wp\/v2\/types\/page"}],"author":[{"embeddable":true,"href":"https:\/\/notariuszprykiel.pl\/index.php?rest_route=\/wp\/v2\/users\/1"}],"replies":[{"embeddable":true,"href":"https:\/\/notariuszprykiel.pl\/index.php?rest_route=%2Fwp%2Fv2%2Fcomments&post=15"}],"version-history":[{"count":15,"href":"https:\/\/notariuszprykiel.pl\/index.php?rest_route=\/wp\/v2\/pages\/15\/revisions"}],"predecessor-version":[{"id":309,"href":"https:\/\/notariuszprykiel.pl\/index.php?rest_route=\/wp\/v2\/pages\/15\/revisions\/309"}],"wp:featuredmedia":[{"embeddable":true,"href":"https:\/\/notariuszprykiel.pl\/index.php?rest_route=\/wp\/v2\/media\/55"}],"wp:attachment":[{"href":"https:\/\/notariuszprykiel.pl\/index.php?rest_route=%2Fwp%2Fv2%2Fmedia&parent=15"}],"curies":[{"name":"wp","href":"https:\/\/api.w.org\/{rel}","templated":true}]}}